{"id":14,"date":"2025-05-27T14:54:05","date_gmt":"2025-05-27T12:54:05","guid":{"rendered":"https:\/\/paul-fischer-galabau.de\/page2025\/?page_id=14"},"modified":"2025-06-04T15:27:10","modified_gmt":"2025-06-04T13:27:10","slug":"impressum","status":"publish","type":"page","link":"https:\/\/paul-fischer-galabau.de\/page2025\/impressum\/","title":{"rendered":"Impressum"},"content":{"rendered":"\n<p class=\"has-large-font-size\"><strong>Gala Bau Paul Fischer <\/strong><\/p>\n\n\n\n<p><\/p>\n\n\n\n<ul class=\"wp-block-list\">\n<li>K\u00f6nigsholz 31<\/li>\n\n\n\n<li>58453 Witten  <\/li>\n\n\n\n<li>(D) Nordrhein Westfalen<\/li>\n\n\n\n<li>t: +49 2302 \/ 129 61<\/li>\n\n\n\n<li>f: +49 2302 \/ 147 46           <\/li>\n<\/ul>\n\n\n\n<ul class=\"wp-block-list\">\n<li>info@paul-fischer-galabau.de<\/li>\n\n\n\n<li>www.paul-fischer-galabau.de<\/li>\n<\/ul>\n\n\n\n<p><\/p>\n\n\n\n<p class=\"has-medium-font-size\" id=\"u1628-3\">Wir weisen ausdr\u00fccklich darauf hin, das alle hier bereitgestellten Angaben ohne Gew\u00e4hr sind und jegliche Haftung durch fehlerhafte, unvollst\u00e4ndige oder veraltete Informationen komplett ausgeschlossen sind.<\/p>\n\n\n\n<p class=\"has-medium-font-size\" id=\"u1628-6\">Alle auf dieser Website erhobenen Daten werden entsprechend den Vorschriften&nbsp; des Bundesdatnschutzgesetzes (BDSG) und des Informations- und Telekommunikationsgesetzes (TDG) behandelt.<\/p>\n\n\n\n<div style=\"height:7px\" aria-hidden=\"true\" class=\"wp-block-spacer\"><\/div>\n\n\n\n<p class=\"has-cyan-bluish-gray-color has-text-color has-link-color has-medium-font-size wp-elements-ef16000819d48f949d49d9073a4735bf\" id=\"u1628-17\">Die Datenschutzerkl\u00e4rung im Einzelnen finden Sie detailliert <a href=\"https:\/\/paul-fischer-galabau.de\/page2025\/datenschutz\/\" data-type=\"page\" data-id=\"16\">hier\u00a0<\/a> oder hier zum <a href=\"https:\/\/paul-fischer-galabau.de\/page2025\/Datenschutz\/dsgvo-galabau-fischer.pdf\">Download<\/a><\/p>\n\n\n\n<p class=\"has-medium-font-size\" id=\"u1628-17\">Alle Inhalte der Gala-Bau Paul Fischer Webseiten, insbesondere die abgebildeten Photos und Dokumentationen unterliegen dem Urheberrecht &#8211; und d\u00fcrfen, auch auszugsweise, weder gespeichert, noch weiter verwendet werden .<\/p>\n\n\n\n<div style=\"height:19px\" aria-hidden=\"true\" class=\"wp-block-spacer\"><\/div>\n\n\n\n<p class=\"has-text-align-left has-medium-font-size\" id=\"u1628-26\"><strong>F\u00fcr alle Links auf dieser Homepage gilt:<\/strong><\/p>\n\n\n\n<div style=\"height:22px\" aria-hidden=\"true\" class=\"wp-block-spacer\"><\/div>\n\n\n\n<p class=\"has-text-align-left has-medium-font-size\" id=\"u1628-26\">Wir distanzieren uns hiermit ausdr\u00fccklich von allen Inhalten aller verlinkten Seitenadressen auf&nbsp; unserer Homepage und machen uns diese Inhalte nicht zu eigen.<\/p>\n\n\n\n<div style=\"height:24px\" aria-hidden=\"true\" class=\"wp-block-spacer\"><\/div>\n\n\n\n<p class=\"has-medium-font-size\" id=\"u1628-34\"><strong>&nbsp;Keine Abmahnung ohne Kontakt<\/strong><\/p>\n\n\n\n<div style=\"height:22px\" aria-hidden=\"true\" class=\"wp-block-spacer\"><\/div>\n\n\n\n<p class=\"has-medium-font-size\" id=\"u1628-39\">&nbsp;Im Falle der Geltendmachung von Anspr\u00fcchen jeglicher Art aus urheber-, wettbewerbsrechtlichen sowie markenrechtlichen Angelegenheiten bitten wir zur Vermeidung unn\u00f6tiger Rechtsstreitigkeiten, Abmahnungen und Kosten, uns umgehend zu kontaktieren. Falls Anspr\u00fcche der oben genannten Art reklamiert werden, sagen wir bereits hier vor einer endg\u00fcltigen rechtsverbindlichen Kl\u00e4rung Abhilfe zu, durch die eine eventuelle Wiederholungsgefahr verbindlich ausgeschlossen ist. Eine dennoch ergehende Kostennote einer anwaltlichen Abmahnung ohne vorhergehende Kontaktaufnahme w\u00fcrde sodann wegen Nichtbeachtung einer Schadensminderungspflicht zur\u00fcckgewiesen. Bei in diesem Sinne unn\u00f6tigen bzw. unberechtigten Abmahnungen und Folgema\u00dfnahmen w\u00fcrde mit einer negativen Feststellungsklage geantwortet.<\/p>\n\n\n\n<div style=\"height:128px\" aria-hidden=\"true\" class=\"wp-block-spacer\"><\/div>\n\n\n\n<p class=\"has-small-font-size\"><strong>Gala Bau Paul Fischer 2025<\/strong><\/p>\n","protected":false},"excerpt":{"rendered":"<p>Gala Bau Paul Fischer Wir weisen ausdr\u00fccklich darauf hin, das alle hier bereitgestellten Angaben ohne Gew\u00e4hr sind und jegliche Haftung durch fehlerhafte, unvollst\u00e4ndige oder veraltete Informationen komplett ausgeschlossen sind. Alle auf dieser Website erhobenen Daten werden entsprechend den Vorschriften&nbsp; des Bundesdatnschutzgesetzes (BDSG)&hellip;<\/p>\n","protected":false},"author":1,"featured_media":0,"parent":0,"menu_order":6,"comment_status":"closed","ping_status":"closed","template":"","meta":{"footnotes":""},"class_list":["post-14","page","type-page","status-publish","hentry"],"_links":{"self":[{"href":"https:\/\/paul-fischer-galabau.de\/page2025\/wp-json\/wp\/v2\/pages\/14","targetHints":{"allow":["GET"]}}],"collection":[{"href":"https:\/\/paul-fischer-galabau.de\/page2025\/wp-json\/wp\/v2\/pages"}],"about":[{"href":"https:\/\/paul-fischer-galabau.de\/page2025\/wp-json\/wp\/v2\/types\/page"}],"author":[{"embeddable":true,"href":"https:\/\/paul-fischer-galabau.de\/page2025\/wp-json\/wp\/v2\/users\/1"}],"replies":[{"embeddable":true,"href":"https:\/\/paul-fischer-galabau.de\/page2025\/wp-json\/wp\/v2\/comments?post=14"}],"version-history":[{"count":13,"href":"https:\/\/paul-fischer-galabau.de\/page2025\/wp-json\/wp\/v2\/pages\/14\/revisions"}],"predecessor-version":[{"id":295,"href":"https:\/\/paul-fischer-galabau.de\/page2025\/wp-json\/wp\/v2\/pages\/14\/revisions\/295"}],"wp:attachment":[{"href":"https:\/\/paul-fischer-galabau.de\/page2025\/wp-json\/wp\/v2\/media?parent=14"}],"curies":[{"name":"wp","href":"https:\/\/api.w.org\/{rel}","templated":true}]}}